r of 428094 and 306?
306
Calculate the greatest common factor of 1696 and 11236.
212
What is the greatest common factor of 12 and 217950?
6
Calculate the greatest common divisor of 178180 and 12382.
302
Calculate the highest common divisor of 935360 and 2720.
160
What is the greatest common factor of 384 and 12935424?
384
Calculate the highest common factor of 117 and 176670.
117
Calculate the greatest common divisor of 24370 and 160.
10
What is the highest common factor of 19 and 47899?
19
What is the highest common factor of 84785 and 155?
155
Calculate the highest common divisor of 513 and 18411.
57
Calculate the highest common factor of 4560 and 126.
6
What is the greatest common divisor of 1140 and 130188?
228
Calculate the highest common divisor of 114 and 708738.
114
Calculate the greatest common factor of 300762 and 124.
62
Calculate the highest common factor of 57 and 459933.
57
What is the greatest common divisor of 2039456 and 160?
32
What is the highest common factor of 3070 and 7136215?
1535
Calculate the highest common factor of 40553 and 1516.
379
What is the greatest common divisor of 2679 and 114?
57
Calculate the greatest common factor of 6144 and 10308.
12
What is the greatest common divisor of 3680 and 24380?
460
Calculate the highest common divisor of 1118 and 24854.
86
Calculate the highest common divisor of 36990 and 548.
274
Calculate the highest common factor of 32 and 46048.
32
What is the highest common factor of 848 and 61639?
53
What is the greatest common factor of 1234300 and 200?
100
Calculate the greatest common factor of 96 and 5898.
6
Calculate the greatest common factor of 62064 and 3600.
144
Calculate the greatest common divisor of 200198 and 3782.
62
Calculate the highest common factor of 67887 and 1881.
171
Calculate the highest common divisor of 660264 and 366.
366
What is the highest common divisor of 217587 and 246?
123
Calculate the highest common divisor of 32 and 1172896.
32
What is the highest common divisor of 184776 and 96?
24
Calculate the highest common factor of 53933 and 22.
11
Calculate the greatest common divisor of 57779 and 76.
19
What is the highest common factor of 94 and 34498?
94
What is the greatest common factor of 451 and 649?
11
Calculate the greatest common divisor of 218 and 412565.
109
Calculate the highest common divisor of 225282 and 21.
3
What is the highest common factor of 37135 and 1015?
35
What is the highest common factor of 470088 and 144?
72
What is the greatest common divisor of 258 and 106382?
86
What is the greatest common factor of 8027 and 4117?
23
What is the highest common factor of 1086 and 759838?
362
Calculate the highest common factor of 41677 and 213.
71
What is the highest common divisor of 48 and 9584?
16
What is the greatest common factor of 19304 and 1672?
152
What is the highest common divisor of 80698 and 1099?
157
Calculate the greatest common factor of 2392 and 626184.
104
What is the highest common factor of 1260 and 261660?
420
What is the greatest common factor of 1140 and 570?
570
What is the greatest common factor of 9225 and 134275?
1025
What is the highest common factor of 31349 and 138736?
667
What is the greatest common divisor of 1869 and 1932?
21
Calculate the greatest common divisor of 6420 and 5210.
10
What is the highest common divisor of 34696 and 328?
8
What is the greatest common factor of 72 and 24660?
36
Calculate the highest common factor of 418 and 330.
22
What is the greatest common divisor of 1264726 and 2?
2
What is the highest common divisor of 2933 and 308?
7
What is the greatest common factor of 138 and 2850?
6
Calculate the highest common divisor of 177 and 39.
3
Calculate the greatest common factor of 94475 and 10.
5
Calculate the greatest common divisor of 10700 and 65056.
428
Calculate the highest common factor of 195 and 348855.
195
What is the greatest common divisor of 85 and 2898211?
17
Calculate the highest common divisor of 7860 and 156.
12
What is the greatest common factor of 2445 and 277263?
489
Calculate the greatest common factor of 610587 and 18.
9
What is the highest common factor of 1088 and 233240?
136
Calculate the greatest common divisor of 41928 and 312.
24
Calculate the greatest common divisor of 686 and 10823022.
686
What is the greatest common divisor of 162081 and 6264?
783
What is the highest common factor of 49 and 159936?
49
Calculate the greatest common divisor of 2151153 and 36.
9
Calculate the greatest common divisor of 7760 and 2880.
80
What is the greatest common divisor of 1827 and 125251?
203
Calculate the greatest common factor of 100818 and 15390.
54
What is the highest common factor of 5069 and 11433?
37
What is the highest common factor of 272155 and 2756?
689
What is the greatest common divisor of 4776 and 1136091?
597
Calculate the highest common divisor of 100871 and 703.
19
Calculate the highest common divisor of 47 and 874.
1
Calculate the greatest common factor of 52562 and 82.
82
What is the highest common divisor of 854508 and 132?
12
What is the greatest common divisor of 18438 and 798?
42
Calculate the highest common divisor of 61 and 22174354.
61
Calculate the highest common factor of 4921 and 26159.
259
Calculate the highest common divisor of 1125 and 105.
15
Calculate the greatest common factor of 267443 and 82.
41
Calculate the greatest common divisor of 8 and 21817424.
8
Calculate the highest common factor of 2021 and 688.
43
Calculate the greatest common divisor of 32934 and 1331.
11
What is the highest common factor of 949 and 13067?
73
What is the greatest common divisor of 64014 and 7264?
454
Calculate the greatest common factor of 685 and 52985.
5
Calculate the highest common factor of 339252 and 816.
204
Calculate the highest common divisor of 798 and 2166.
114
What is the highest common divisor of 300 and 2892?
12
Calculate the highest common divisor of 1113 and 10176.
159
What is the highest common divisor of 134625 and 125?
125
What is the greatest common divisor of 112 and 151578?
14
Calculate the highest common factor of 8184 and 1860.
372
Calculate the greatest common divisor of 22 and 844536.
22
Calculate the highest common factor of 27371 and 271.
271
What is the greatest common divisor of 9375 and 135?
15
What is the greatest common divisor of 278160 and 14250?
570
Calculate the greatest common factor of 94482 and 12.
6
Calculate the greatest common factor of 3250 and 3276.
26
What is the highest common factor of 1650 and 7755?
165
What is the highest common divisor of 8575 and 157094?
343
Calculate the greatest common factor of 14 and 30359.
7
Calculate the greatest common factor of 861039 and 116.
29
Calculate the highest common factor of 36 and 13740.
12
Calculate the greatest common divisor of 131237 and 1841.
263
Calculate the greatest common factor of 142 and 496432.
142
Calculate the highest common factor of 7188 and 204.
12
What is the greatest common divisor of 10241 and 16170?
539
What is the greatest common factor of 2382 and 4312214?
794
What is the greatest common divisor of 21 and 200179?
7
What is the greatest common divisor of 217 and 27895?
7
Calculate the highest common factor of 107904 and 432.
48
What is the greatest common factor of 40 and 3396856?
8
Calculate the highest common factor of 10896 and 168.
24
Calculate the greatest common divisor of 1953 and 4867.
31
Calculate the highest common divisor of 320 and 1688.
8
Calculate the highest common divisor of 1088496 and 144.
144
What is the greatest common factor of 120 and 88?
8
Calculate the highest common factor of 618072 and 42.
42
What is the greatest common factor of 13300 and 490675?
475
What is the highest common divisor of 1963 and 10117?
151
What is the highest common factor of 78 and 9321?
39
Calculate the greatest common factor of 121 and 452903.
121
Calculate the highest common divisor of 144 and 150.
6
Calculate the highest common divisor of 595 and 10880.
85
What is the greatest common factor of 629 and 3811?
37
What is the greatest common divisor of 74868 and 1224?
204
What is the greatest common factor of 1592492 and 1496?
748
Calculate the greatest common divisor of 153962 and 345.
23
Calculate the highest common factor of 23492 and 896.
28
What is the greates